f 63210194?
2, 31605097
List the prime factors of 380333945.
5, 17, 4474517
What are the prime factors of 7484516071?
773, 9682427
What are the prime factors of 11019253?
7, 59, 26681
List the prime factors of 22339653.
3, 7, 71, 14983
List the prime factors of 16386446.
2, 1993, 4111
List the prime factors of 556788191.
556788191
What are the prime factors of 1727937331?
2143, 806317
What are the prime factors of 119565392?
2, 1483, 5039
List the prime factors of 239680760.
2, 5, 11, 83, 6563
List the prime factors of 5627173849.
11, 1831, 2309
List the prime factors of 30015425.
5, 11, 109147
What are the prime factors of 3027535862?
2, 13, 23, 73, 223, 311
What are the prime factors of 927529263?
3, 9011, 11437
What are the prime factors of 60243379?
7, 8606197
List the prime factors of 30505494.
2, 3, 5084249
List the prime factors of 24167088.
2, 3, 11, 19, 73
List the prime factors of 314887251.
3, 7, 89, 331, 509
What are the prime factors of 7443301899?
3, 11, 683, 330241
List the prime factors of 2023428411.
3, 5233, 14321
List the prime factors of 2036670463.
181, 1759, 6397
What are the prime factors of 319919938?
2, 13, 29, 31, 13687
What are the prime factors of 3923770547?
509, 7708783
List the prime factors of 27216064.
2, 425251
What are the prime factors of 4194804?
2, 3, 349567
What are the prime factors of 40930162?
2, 7, 13, 224891
List the prime factors of 263851345.
5, 52770269
What are the prime factors of 908789302?
2, 15923, 28537
What are the prime factors of 1750732648?
2, 7, 31263083
List the prime factors of 2266216874.
2, 43, 26351359
What are the prime factors of 8829255394?
2, 9199, 479903
What are the prime factors of 32159644?
2, 11, 730901
What are the prime factors of 209887465?
5, 2129, 19717
What are the prime factors of 108588311?
13, 8352947
What are the prime factors of 4730121484?
2, 11, 31, 3467831
List the prime factors of 896211936.
2, 3, 3111847
What are the prime factors of 3811521339?
3, 1471, 10663
List the prime factors of 26928520.
2, 5, 83, 8111
List the prime factors of 27434953.
7, 13, 3313
What are the prime factors of 1607392084?
2, 401848021
What are the prime factors of 78547978?
2, 39273989
What are the prime factors of 4491733382?
2, 29, 77443679
What are the prime factors of 5576468497?
257, 21698321
What are the prime factors of 851840?
2, 5, 11
What are the prime factors of 13313430?
2, 3, 5, 13, 3793
List the prime factors of 106497627.
3, 43, 787, 1049
What are the prime factors of 11554804?
2, 37, 101, 773
What are the prime factors of 3886345402?
2, 233, 701, 11897
List the prime factors of 95329101.
3, 7, 4539481
What are the prime factors of 2445211242?
2, 3, 31, 179, 24481
List the prime factors of 892911141.
3, 33070783
What are the prime factors of 1538989?
1538989
What are the prime factors of 22189484?
2, 5547371
What are the prime factors of 2954725987?
17, 29, 5993359
List the prime factors of 223143463.
1129, 197647
List the prime factors of 756066904.
2, 94508363
What are the prime factors of 88248227?
31, 2846717
List the prime factors of 368659481.
368659481
List the prime factors of 176234962.
2, 88117481
What are the prime factors of 159591844?
2, 31, 41, 31391
What are the prime factors of 463245784?
2, 17, 3406219
What are the prime factors of 3704643025?
5, 53, 331, 8447
What are the prime factors of 101937509?
107, 952687
What are the prime factors of 872674279?
872674279
What are the prime factors of 502461066?
2, 3, 83743511
List the prime factors of 1798134021.
3, 53, 3769673
What are the prime factors of 101540761?
7, 1499, 9677
What are the prime factors of 22377760?
2, 5, 139861
What are the prime factors of 332982332?
2, 17, 71, 4057
List the prime factors of 146838061.
17, 19, 163, 2789
List the prime factors of 17488023.
3, 7, 832763
List the prime factors of 232957612.
2, 58239403
What are the prime factors of 8074906?
2, 7, 79, 149
What are the prime factors of 38766364?
2, 7, 13, 106501
What are the prime factors of 116164017?
3, 4302371
List the prime factors of 34041031.
467, 72893
List the prime factors of 187727409.
3, 6952867
List the prime factors of 2332815911.
2332815911
List the prime factors of 258140083.
37, 167, 41777
What are the prime factors of 192092454?
2, 3, 1571, 6793
What are the prime factors of 113911836?
2, 3, 131, 233, 311
List the prime factors of 2965188231.
3, 2281, 144439
List the prime factors of 1252921584.
2, 3, 1109, 23537
List the prime factors of 108535541.
37, 2933393
What are the prime factors of 155922595?
5, 31184519
What are the prime factors of 2058226320?
2, 3, 5, 107, 80149
What are the prime factors of 1091670602?
2, 11, 49621391
List the prime factors of 3684045873.
3, 599, 2050109
What are the prime factors of 1098823061?
7, 157, 283, 3533
List the prime factors of 15744932.
2, 7, 73, 7703
What are the prime factors of 2596941231?
3, 865647077
What are the prime factors of 119400771?
3, 7, 71, 73, 1097
List the prime factors of 42541188.
2, 3, 73, 48563
List the prime factors of 1363722441.
3, 257, 1768771
List the prime factors of 424129400.
2, 5, 19, 239, 467
List the prime factors of 238061082.
2, 3, 7, 353, 16057
List the prime factors of 195445442.
2, 29, 41, 82189
List the prime factors of 3780593629.
3780593629
What are the prime factors of 116062199?
11, 61, 172969
What are the prime factors of 2316712051?
79, 109, 269041
List the prime factors of 17579422.
2, 7, 73, 103, 167
What are the prime factors of 111810409?
233, 311, 1543
List the prime factors of 970898547.
3, 323632849
What are the prime factors of 38003720?
2, 5, 41, 23173
What are the prime factors of 92927866?
2, 23, 2020171
List the prime factors of 277664.
2, 8677
What are the prime factors of 4146534285?
3, 5, 276435619
What are the prime factors of 5548050342?
2, 3, 102741673
What are the prime factors of 25283869?
13, 971, 2003
List the prime factors of 173861957.
157, 1107401
List the prime factors of 56215810.
2, 5, 7, 359, 2237
List the prime factors of 4026204860.
2, 5, 17, 11841779
List the prime factors of 112663849.
53, 2125733
List the prime factors of 2769178137.
3, 11, 31, 211, 12829
List the prime factors of 2794737341.
11, 19, 1481, 9029
What are the prime factors of 6614970?
2, 3, 5, 311, 709
List the prime factors of 86027073.
3, 11, 2606881
List the prime factors of 1662440899.
7, 41, 73, 79349
List the prime factors of 7297875088.
2, 7, 2857, 22807
List the prime factors of 740534826.
2, 3, 123422471
List the prime factors of 172914355.
5, 53, 652507
What are the prime factors of 561167802?
2, 3, 13, 43, 1297
List the prime factors of 4596476.
2, 223, 5153
What are the prime factors of 173645789?
181, 959369
List the prime factors of 1286409792.
2, 3, 1871, 3581
List the prime factors of 116082500.
2, 5, 59, 787
What are the prime factors of 2075983?
7, 13, 3259
List the prime factors of 305799505.
5, 11, 881, 6311
List the prime factors of 1825971214.
2, 379, 2408933
List the prime factors of 150484513.
37, 4067149
What are the prime factors of 201242304?
2, 3, 349379
What are the prime factors of 117275742?
2, 3, 2171773
What are the prime factors of 27558471?
3, 457, 20101
List the prime factors of 5469384957.
3, 43, 42398333
What are the prime factors of 15951098?
2, 23, 346763
List the prime factors of 151949949.
3, 50649983
List the prime factors of 11055630.
2, 3, 5, 368521
What are the prime factors of 2779313249?
1741, 1596389
What are the prime factors of 208999478?
2, 83, 1259033
What are the prime factors of 865315009?
13, 167, 211, 1889
List the prime factors of 32152370.
2, 5, 19, 197, 859
List the prime factors of 123220455.
3, 5, 8214697
What are the prime factors of 215492326?
2, 7, 15392309
List the prime factors of 3320294874.
2, 3, 13, 42567883
What are the prime factors of 2595931825?
5, 103837273
List the prime factors of 351146957.
7, 23, 647, 3371
What are the prime factors of 131995304?
2, 7, 2357059
List the prime factors of 408398538.
2, 3, 61, 1115843
What are the prime factors of 3856267747?
151, 337, 75781
List the prime factors of 42031661.
7, 457, 1877
What are the prime factors of 2473603352?
2, 11, 277, 101477
What are the prime factors of 15514399?
859, 18061
List the pri